*a + i = 3*c. Is m(a) a composite number?
True
Suppose 6*n + 1046 = -1396. Let i = -184 - n. Is i a prime number?
True
Suppose -4*y = -3*l + 707, -8*l + 3*l = -5. Let u = y - -595. Is u a prime number?
True
Suppose -m + 493 = -3*y, -m + 150 = y - 335. Is m a prime number?
True
Is 20782*(1 + -4 + 77/22) a composite number?
False
Suppose 0 = -c + 651 + 830. Is c prime?
True
Let z = -34 + 30. Is (550 - 0) + (-1 - z) composite?
True
Suppose 9*n - 594 = 6183. Is n composite?
True
Suppose 2*b - 3*v = 8, 2*b - 2*v - 8 = -0*b. Suppose 3*a - 90 = -2*j, -b*j + j = -3*a - 165. Is j composite?
True
Let g = -85 - -83. Is ((31/g)/(-1))/(1/2) a composite number?
False
Suppose 23*p - 20*p = 3189. Suppose -4*l - 3*d - 204 = -2339, 3*d = 2*l - p. Is l prime?
False
Let s(q) = 11*q + 8*q**2 + 8 - 2*q**3 + 4*q**2 + 2*q + 3*q**3. Is s(-9) a prime number?
False
Suppose -q + 0*d - d + 3 = 0, 2*q - 2*d = 18. Suppose 0 = 8*h - q*h - 5542. Is h a composite number?
True
Suppose 3*r + 466 - 106 = 0. Let x = -392 + 213. Let g = r - x. Is g composite?
False
Suppose 7 = c + 7. Suppose c = 51*w - 56*w + 44095. Is w a prime number?
True
Suppose 34*z = 22*z + 804. Is z a composite number?
False
Is (10 + (-45)/3)*-293 a prime number?
False
Suppose 2*n + 17*t = 13*t + 18246, 0 = 3*n + 3*t - 27384. Is n a prime number?
True
Suppose 0 = -3*r + 15, -3*g = 4*r - 2*r - 7183. Suppose -6*s = -3*s - g. Is s a prime number?
True
Let t = 15215 - 7206. Is t prime?
True
Let z = -223 + 438. Suppose -253 = -2*p + 5*i + 177, p = i + z. Is p a prime number?
False
Let u(p) be the second derivative of 53*p**4/3 + p**3/6 + 46*p. Let m = 0 + -1. Is u(m) prime?
True
Let p(i) = -5*i**2 - 2*i - 2. Let j be p(-2). Let u be 30/(-4)*240/j. Suppose 4*m = 4*r + r - 99, 0 = -4*r - 2*m + u. Is r a prime number?
True
Suppose -18 = -3*w + 3*m, -2*m + 4*m = 5*w - 24. Suppose w*b = 1595 - 207. Let q = b - 54. Is q composite?
False
Let p be -839 - 0 - (-4)/(-4). Let y = -391 - p. Is y prime?
True
Is 1/((-4)/14*19/(-99598)) prime?
False
Let i = 6 + 17. Suppose -i*q = -21*q - 382. Is q composite?
False
Let a(p) = 410*p**2 + p + 3. Let q be a(5). Suppose 32 + q = 5*d. Suppose -d = -3*h + 153. Is h a composite number?
True
Let x = -1 + -619. Let p = x + 895. Suppose 0 = -5*m - 4*r + 255, 4*r + p = 5*m - 20. Is m composite?
True
Suppose -2*j + 5*y = j - 42, -y + 14 = j. Suppose j = 3*z - 19. Is z composite?
False
Let i = 19192 - 13191. Is i a composite number?
True
Let c(j) = -20*j**3 + 19*j**2 + 47*j + 1. Is c(-11) a prime number?
True
Let n be (-6)/(-3) + 1 - 0. Suppose n*m = -a - 773 + 2577, -2*m = 5*a - 9020. Is a - (8/(-2) - -7) prime?
True
Suppose -2*j = -3*x - 8, j - 2*x = -2 + 6. Suppose 3*u - w - w = 922, 25 = -5*w. Suppose j*v + 2*y = 892 + u, 0 = -5*v - 4*y + 1495. Is v composite?
True
Let a(b) = b + 6. Let m be a(-5). Suppose 2*p + 3*q - 15 - m = 0, p = -2*q + 10. Is 23*4 - (-1 + p) composite?
True
Let c(z) = z**2 - 7*z - 13. Let r be c(8). Is (r - -926)/(2/2) a prime number?
False
Suppose 13446 = 2*i - 710. Is i a prime number?
False
Let l = 38 - 16. Let i = l - -112. Is i prime?
False
Let q = -2417 - -13258. Is q prime?
False
Suppose 12*v = 10*v + 48. Is (-11 + 1)*(-2076)/v prime?
False
Suppose -2*i + 3*i - 2*j = 1, -j + 12 = -3*i. Is -7 + (-2 - i) + 263 a prime number?
False
Suppose -4*i + 12 + 0 = 0. Suppose -m - 40 = -i*m. Is 16/m + 1521/5 a composite number?
True
Suppose 46635 = 4*q + 11*q. Is q a prime number?
True
Let l be (-6 - -26)/(0 + 3/(-399)). Let d = -143 - l. Is d composite?
True
Let s(l) = 708*l - 11. Is s(15) composite?
True
Suppose -p - 2657 = -2*z, 4*p + 11 = -1. Let l = z + -879. Let d = l - 257. Is d composite?
False
Suppose 4*q = -5*b + 17, 0 = b + 4*b - 5. Suppose -q*w - 5141 = -2*s, -5*w = 2*s - 1826 - 3307. Is s a composite number?
True
Let u = 4558 - -303. Is u prime?
True
Suppose 10*u - 216008 = 18402. Is u a composite number?
True
Let a(t) = -722*t + 3. Let u be a(3). Let l = -1532 - u. Is l a prime number?
True
Let i = 25682 - 14017. Is i composite?
True
Suppose 10*z + 2207 = p + 8*z, 5*p - 5*z - 11025 = 0. Is p composite?
False
Suppose -2*i - 4 = -4*i. Suppose 0 = 3*g + i*b - 1331, 697 = 4*g + b - 1086. Is g a prime number?
False
Let y be (-24)/(-10) + 6/(-15). Suppose y*i - i - 1586 = 0. Is i/8 + (-12)/(-16) prime?
True
Let l be (2 + -1)/((-1)/(-2)). Suppose 0 = -l*s + 792 - 216. Suppose -h = -13 - s. Is h a prime number?
False
Let m(t) = 21*t**2 + 6*t - 66. Is m(-19) a composite number?
True
Let x = 3457 + -1718. Is x a prime number?
False
Is (296*4/64)/((-3)/(-258)) prime?
False
Suppose 3*q = 7*q. Suppose 0*m - m - 2091 = -5*c, q = 4*c + 16. Let t = m + 3018. Is t a prime number?
True
Suppose 21*k - 36*k = -146145. Is k a composite number?
False
Let b = 43 + -35. Suppose -b*t + t = -8491. Is t composite?
False
Let p(c) = -784*c + 15. Is p(-5) a composite number?
True
Suppose -14*t + 2*t = -1944. Suppose -t = -c - 4*c + 2*b, -3*b = 5*c - 182. Is c composite?
True
Let p(u) = -26*u**3 - 14*u**2 + 14*u + 61. Is p(-11) composite?
True
Let n(c) = c**3 + 28*c**2 - 85*c - 5. Is n(-26) a prime number?
True
Let i(g) = -3421*g**3 - 4*g**2 + 35*g + 73. Is i(-2) composite?
True
Let r(y) = y**3 - 21*y**2 + 17*y + 50. Is r(23) composite?
False
Let v = 162534 + -86231. Is v prime?
True
Let x = -22752 - -36841. Is x a prime number?
False
Let l(b) = 119*b - 11. Let z(y) = -118*y + 12. Let v(s) = -3*l(s) - 2*z(s). Let t be v(-4). Suppose -h + t = 3*k + 4*h, 5*k - 4*h - 797 = 0. Is k composite?
True
Let w = 27 - 17. Let u be (-51)/85 - (-6696)/w. Suppose 0 = 4*d + 2*z - 3*z - 2693, 0 = -d - 4*z + u. Is d a prime number?
True
Let y = 10 + -9. Let w(u) = u + 2 - 2 + 1. Is w(y) prime?
True
Let a = 1468 + -969. Is a composite?
False
Suppose -4*g = g - 7270. Let s be 0/1*(2 + 3/(-3)). Suppose 4*o + v - 883 = s, -4*o - 567 = -3*v - g. Is o composite?
True
Let r be 20*15/80 + 1/4. Suppose 5*m - i = 6846, -r*m + 4*i = -3*m - 1373. Is m a composite number?
True
Suppose 0*i = 2*i + 6. Let m be 52*i/(-6) - 0. Let v = m - 4. Is v prime?
False
Suppose 4*r = -1020 + 3312. Suppose 0*t = -3*y + 3*t + r, 2*y - 382 = -4*t. Is y a composite number?
False
Suppose 1166 = l - 243. Is l a composite number?
False
Let y = -194 - -720. Is y prime?
False
Is 3016/9 + 5 + 230/(-45) prime?
False
Let q be (8/12)/((-14)/(-21)). Let s(w) = 1 - 69*w**2 - w + 203*w**2 + 129*w**2. Is s(q) composite?
False
Suppose -10*l + 11*s = 6*s - 963615, -3*l + 289081 = 2*s. Is l a prime number?
False
Suppose f - 2*f - 1 = 0. Let g be -6 + 5 + (-1)/f. Suppose 3*d + d - 296 = g. Is d prime?
False
Suppose 0 = -15*k + 23*k - 47768. Is k a composite number?
True
Let v(t) = 8*t - 14. Let k(a) = -2 + 15 + 3*a - 11*a. Let r(d) = 7*k(d) + 6*v(d). Is r(-8) a composite number?
False
Let q be 49705/(-30) + (-2)/12. Let m = -990 - q. Is m a prime number?
False
Let f be -4 + (6 - (-1 + 3)). Suppose f = 3*z - 4*y + 141, 4*z + z + 221 = 2*y. Let x = 134 + z. Is x prime?
False
Let a(q) = 11*q**3 - 7*q**2 - 16*q + 6. Is a(8) prime?
False
Suppose -5*q + 1745 = 725. Suppose -i + 5*i - q = 0. Is i composite?
True
Let o(w) = -2793*w - 87. Is o(-6) composite?
True
Is 9/((-54)/(-207978)) - 0 composite?
True
Is ((-12)/(-10))/(692/(-100) + 7) prime?
False
Let w(s) = 850*s**2 - 2*s - 111. Is w(14) prime?
False
Let a = -25440 + 43147. Is a composite?
False
Let r(o) be the third derivative of o**4/24 - 7*o**3/6 + 2*o**2. Let l be r(5). Is (0 + 49)/(l/(-2)) composite?
True
Let w(y) = -2*y**2 + 2*y + 6. Let g be w(3). Let k(h) = 47*h**2 + 5*h - 8. Let b be k(g). Let j = b + -905. Is j composite?
True
Let b(g) = -9*g**2 + 30*g**2 - 8 + 3*g - 27. Is b(9) prime?
True
Let t(l) = 182*l + 17. Is t(3) a prime number?
True
Let q = 24548 + -16937. Suppose q + 1799 = 10*i. Is i a prime number?
True
Let i = 81 + -79. Suppose -3*m - 3*x + 2701 = -x, i*x - 903 = -m. Is m a prime number?
False
Let t(z) = z**3 - 35*z**2 - 42*z - 67. Is t(37) composite?
False
Suppose -2*p + 376 + 225 = 5*o, 3*o - 365 = p. Is o a composite number?
True
Let o(t) = 54*t**2 + 11. Let d be o(5). Suppose -3174 = -5*z + d. Is z a prime number?
True
Let k(b) = -62*b**3 - 2*b**2 + 2*b + 9. Is k(-2) a prime number?
False
Suppose -12*r + 0*r = -30036. Is r prime?
True
Let z = 6044 + -3513. Is z composite?
Fal